{"id":123,"date":"2023-09-24T12:48:33","date_gmt":"2023-09-24T10:48:33","guid":{"rendered":"https:\/\/bavito.cz\/?post_type=product&#038;p=123"},"modified":"2025-11-08T19:56:19","modified_gmt":"2025-11-08T18:56:19","slug":"drevena-houpacka-montessori-7v1-s-madly-prirodni-varianta","status":"publish","type":"product","link":"https:\/\/bavito.cz\/?product=drevena-houpacka-montessori-7v1-s-madly-prirodni-varianta","title":{"rendered":"D\u0159ev\u011bn\u00e1 houpa\u010dka Montessori 7v1 s madly, p\u0159\u00edrodn\u00ed varianta"},"content":{"rendered":"<p>Tato d\u0159ev\u011bn\u00e1 houpa\u010dka Montessori 7v1, v\u010detn\u011b madel, je b\u00e1je\u010dn\u00fdm dopl\u0148kem ka\u017ed\u00e9ho d\u011btsk\u00e9ho pokoj\u00edku. V\u00fdborn\u011b dopln\u00ed vzhled pokoj\u00ed\u010dku d\u00edky pou\u017eit\u00ed v\u00fdhradn\u011b p\u0159\u00edrodn\u00edho materi\u00e1lu &#8211; d\u0159eva. Houpa\u010dka vypad\u00e1 skv\u011ble a z\u00e1rove\u0148 velmi p\u011bkn\u011b ozdob\u00ed d\u011btsk\u00fd pokoj\u00ed\u010dek. Nav\u00edc v sob\u011b ukr\u00fdv\u00e1 mnoho dal\u0161\u00edch skryt\u00fdch a to zejm\u00e9na u\u017eite\u010dn\u00fdch funkc\u00ed! D\u00edtko se hrou na houpa\u010dce bude u\u010dit balancovat, cvi\u010dit rovnov\u00e1hu a rozv\u00edjet svou motoriku. Houpa\u010dka tak dokonale spad\u00e1 do programu <strong>Montessori<\/strong> a je z\u00e1rukou<strong> 100% z\u00e1bavy<\/strong> a vyu\u017eit\u00ed pro Va\u0161e d\u011bti.<\/p>\n<blockquote>\n<h2><strong>Miluje Va\u0161e d\u00edtko bunkry? Vyhled\u00e1v\u00e1 p\u0159i ka\u017ed\u00e9 proch\u00e1zce venku prol\u00e9za\u010dky, \u010di skluzavky? Tak to kouk\u00e1te na spr\u00e1vnou v\u011bc!<\/strong><\/h2>\n<\/blockquote>\n<p>Houpa\u010dka sv\u00fdm r\u016fzn\u00fdm postaven\u00edm a samoz\u0159ejm\u011b pot\u0159ebnou p\u0159edstavivost\u00ed m\u016f\u017ee slou\u017eit tak\u00e9 jako:<\/p>\n<ul>\n<li>Prol\u00e9za\u010dka<\/li>\n<li>Bunkr<\/li>\n<li>Skluzavka <em>(nutn\u00e9 dokoupen\u00ed dal\u0161\u00edho komponentu* v podob\u011b prkna)<\/em><\/li>\n<li>Most \u010di stoli\u010dka<\/li>\n<li>Leno\u0161ka, nebo kol\u00e9bka pro ty nejmen\u0161\u00ed <em>(nutn\u00e9 dokoupen\u00ed dal\u0161\u00edho komponentu* v podob\u011b polstru)<\/em><\/li>\n<li>Stole\u010dek \u010di prodejn\u00ed pult <em>(nutn\u00e9 dokoupen\u00ed dal\u0161\u00edho komponentu* v podob\u011b vrchn\u00edho pultu)<\/em><\/li>\n<\/ul>\n<p><em>*intenzivn\u011b pracujeme, abychom mohli na BAVITO.cz nab\u00eddnout k prodeji.<\/em><\/p>\n<h2><strong>Bezpe\u010dnost je u n\u00e1s na prvn\u00edm m\u00edst\u011b!<\/strong><\/h2>\n<p>Konstrukce houpa\u010dky je navr\u017eena tak, aby zajistila maxim\u00e1ln\u00ed bezpe\u010dnost p\u0159i pou\u017e\u00edv\u00e1n\u00ed a h\u0159e. V\u0161echny hrany houpa\u010dky jsou dokonale zabrou\u0161eny do hladka a kulata a spojovac\u00ed materi\u00e1l je zapu\u0161t\u011bn tak, aby nikde nevy\u010dn\u00edval. Kvalita a odolnost pou\u017eit\u00fdch materi\u00e1l\u016f zaji\u0161\u0165uj\u00ed pot\u0159ebnou stabilitu i chvilkov\u00e9mu extr\u00e9mn\u00edmu zat\u00ed\u017een\u00ed. Houpa\u010dka m\u00e1 nosnost 70 kg, co\u017e odpov\u00edd\u00e1 v\u00e1ze n\u00e1ctilet\u00fdm d\u011btem.<\/p>\n<p><img loading=\"lazy\" decoding=\"async\" class=\"alignnone wp-image-366 size-full\" src=\"http:\/\/bavito.cz\/wp-content\/uploads\/2023\/09\/pikt_kva_roh_rucne.png\" alt=\"\" width=\"600\" height=\"225\" srcset=\"https:\/\/bavito.cz\/wp-content\/uploads\/2023\/09\/pikt_kva_roh_rucne.png 600w, https:\/\/bavito.cz\/wp-content\/uploads\/2023\/09\/pikt_kva_roh_rucne-300x113.png 300w\" sizes=\"auto, (max-width: 600px) 100vw, 600px\" \/><img loading=\"lazy\" decoding=\"async\" class=\"alignnone size-medium wp-image-374\" src=\"http:\/\/bavito.cz\/wp-content\/uploads\/2023\/09\/1701893432531_DETAIL-300x218.jpg\" alt=\"\" width=\"300\" height=\"218\" srcset=\"https:\/\/bavito.cz\/wp-content\/uploads\/2023\/09\/1701893432531_DETAIL-300x218.jpg 300w, https:\/\/bavito.cz\/wp-content\/uploads\/2023\/09\/1701893432531_DETAIL-768x557.jpg 768w, https:\/\/bavito.cz\/wp-content\/uploads\/2023\/09\/1701893432531_DETAIL-600x435.jpg 600w, https:\/\/bavito.cz\/wp-content\/uploads\/2023\/09\/1701893432531_DETAIL.jpg 800w\" sizes=\"auto, (max-width: 300px) 100vw, 300px\" \/><img loading=\"lazy\" decoding=\"async\" class=\"alignnone wp-image-375\" src=\"http:\/\/bavito.cz\/wp-content\/uploads\/2023\/09\/1701893432518_DETAIL-300x225.jpg\" alt=\"\" width=\"291\" height=\"218\" srcset=\"https:\/\/bavito.cz\/wp-content\/uploads\/2023\/09\/1701893432518_DETAIL-300x225.jpg 300w, https:\/\/bavito.cz\/wp-content\/uploads\/2023\/09\/1701893432518_DETAIL-768x576.jpg 768w, https:\/\/bavito.cz\/wp-content\/uploads\/2023\/09\/1701893432518_DETAIL-600x450.jpg 600w, https:\/\/bavito.cz\/wp-content\/uploads\/2023\/09\/1701893432518_DETAIL.jpg 925w\" sizes=\"auto, (max-width: 291px) 100vw, 291px\" \/><\/p>\n<h2><strong>U\u010d\u00edme na\u0161e d\u011bti.<\/strong><\/h2>\n<p>Houpa\u010dka slou\u017e\u00ed k balan\u010dn\u00edm hr\u00e1m a podporuje rozvoj motoriky a p\u0159edstavivosti. Motorick\u00fd v\u00fdvoj je proces, kter\u00fd je d\u016fle\u017eit\u00fd pro d\u011bti od \u00fatl\u00e9ho v\u011bku k u\u010den\u00ed se \u010d\u00edst, ps\u00e1t a spr\u00e1vn\u011b vn\u00edmat prostorovou orientaci a rozvoj koordinace o\u010d\u00ed a rukou. Montessori houpa\u010dka poskytne va\u0161emu d\u00edt\u011bti skv\u011blou z\u00e1bavu, podn\u00edt\u00ed nejen jeho fantazii a kreativitu, ale i tu Va\u0161\u00ed. Houpa\u010dka podporuje fyzickou aktivitu a t\u00edm zlep\u0161uje celkovou fyzickou kondici d\u00edt\u011bte.<\/p>\n<p><img loading=\"lazy\" decoding=\"async\" class=\"alignnone wp-image-368 size-full\" src=\"http:\/\/bavito.cz\/wp-content\/uploads\/2023\/09\/pikt_rodina.png\" alt=\"\" width=\"600\" height=\"75\" srcset=\"https:\/\/bavito.cz\/wp-content\/uploads\/2023\/09\/pikt_rodina.png 600w, https:\/\/bavito.cz\/wp-content\/uploads\/2023\/09\/pikt_rodina-300x38.png 300w\" sizes=\"auto, (max-width: 600px) 100vw, 600px\" \/><\/p>\n<p><img loading=\"lazy\" decoding=\"async\" class=\"alignnone wp-image-369 size-full\" src=\"http:\/\/bavito.cz\/wp-content\/uploads\/2023\/09\/pikt_detsky_usmev.png\" alt=\"\" width=\"600\" height=\"75\" srcset=\"https:\/\/bavito.cz\/wp-content\/uploads\/2023\/09\/pikt_detsky_usmev.png 600w, https:\/\/bavito.cz\/wp-content\/uploads\/2023\/09\/pikt_detsky_usmev-300x38.png 300w\" sizes=\"auto, (max-width: 600px) 100vw, 600px\" \/><\/p>\n<p><img loading=\"lazy\" decoding=\"async\" class=\"alignnone wp-image-370 size-full\" src=\"http:\/\/bavito.cz\/wp-content\/uploads\/2023\/09\/pikt_darek.png\" alt=\"\" width=\"600\" height=\"75\" srcset=\"https:\/\/bavito.cz\/wp-content\/uploads\/2023\/09\/pikt_darek.png 600w, https:\/\/bavito.cz\/wp-content\/uploads\/2023\/09\/pikt_darek-300x38.png 300w\" sizes=\"auto, (max-width: 600px) 100vw, 600px\" \/><\/p>\n<blockquote>\n<h3>Koup\u011b t\u00e9to d\u0159ev\u011bn\u00e9 houpa\u010dky je v\u00fdbornou investic\u00ed do osobn\u00edho rozvoje a z\u00e1bavy va\u0161ich d\u011bt\u00ed!<\/h3>\n<\/blockquote>\n<p>&nbsp;<\/p>\n<h5>Vlastnosti:<\/h5>\n<p>Rozm\u011bry: 85 x 50 x 40 cm<br \/>\nV\u00e1ha: 3,6 kg (bez dodate\u010dn\u00fdch \u00faprav lakov\u00e1n\u00edm \u010di n\u00e1t\u011brem)<br \/>\nMateri\u00e1l proveden\u00ed: B\u0159ezov\u00e1 p\u0159ekli\u017eka jakost I. o s\u00edle 12mm, borovicov\u00fd masiv o s\u00edle 20mm<br \/>\nV\u011bk: 12m+<br \/>\nMaxim\u00e1ln\u00ed nosnost: 70 kg<br \/>\nVelikost balen\u00ed: 66 x 66 x 6 cm<br \/>\nHmotnost s obalem: 4,5 kg<br \/>\nPo\u010det p\u0159\u00ed\u010dek: 7, Spojovac\u00ed materi\u00e1l: 14x<\/p>\n<p><img loading=\"lazy\" decoding=\"async\" class=\"alignnone wp-image-371 size-full\" src=\"http:\/\/bavito.cz\/wp-content\/uploads\/2023\/09\/pikt_doprava-zdarma.png\" alt=\"\" width=\"600\" height=\"75\" srcset=\"https:\/\/bavito.cz\/wp-content\/uploads\/2023\/09\/pikt_doprava-zdarma.png 600w, https:\/\/bavito.cz\/wp-content\/uploads\/2023\/09\/pikt_doprava-zdarma-300x38.png 300w\" sizes=\"auto, (max-width: 600px) 100vw, 600px\" \/><\/p>\n<p><img loading=\"lazy\" decoding=\"async\" class=\"alignnone wp-image-372 size-full\" src=\"http:\/\/bavito.cz\/wp-content\/uploads\/2023\/09\/pikt_slozeni.png\" alt=\"\" width=\"600\" height=\"75\" srcset=\"https:\/\/bavito.cz\/wp-content\/uploads\/2023\/09\/pikt_slozeni.png 600w, https:\/\/bavito.cz\/wp-content\/uploads\/2023\/09\/pikt_slozeni-300x38.png 300w\" sizes=\"auto, (max-width: 600px) 100vw, 600px\" \/><\/p>\n","protected":false},"excerpt":{"rendered":"<ul>\n<li>V p\u0159\u00edrodn\u00ed variant\u011b, bez lak\u016f a barev<\/li>\n<li>Barevn\u00e9 \u00fapravy <strong><a href=\"https:\/\/bavito.cz\/?product=drevena-houpacka-montessori-7v1-s-madly-konfigurator\">zde<\/a><\/strong><\/li>\n<li>K dod\u00e1n\u00ed<span style=\"color: #339966;\"><strong> ihned<\/strong><\/span><\/li>\n<li>Pro d\u011bti od 12 m\u011bs\u00edc\u016f<\/li>\n<li>Montessori prvek<\/li>\n<li>Materi\u00e1l: B\u0159ezov\u00e1 p\u0159ekli\u017eka a borovicov\u00fd masiv<\/li>\n<li>Nosnost 70kg<\/li>\n<li>Origin\u00e1ln\u00ed <span style=\"text-decoration: underline;\">vlastn\u00ed<\/span> <span style=\"color: #ff0000;\">\u2665<\/span> <strong>\u010cESK\u00c1 v\u00fdroba<\/strong> <span style=\"color: #ff0000;\">\u2665<\/span><\/li>\n<\/ul>\n<p><img loading=\"lazy\" decoding=\"async\" class=\"alignnone wp-image-395 size-full\" src=\"http:\/\/bavito.cz\/wp-content\/uploads\/2023\/09\/pikt_certifikace1.png\" alt=\"\" width=\"600\" height=\"75\" srcset=\"https:\/\/bavito.cz\/wp-content\/uploads\/2023\/09\/pikt_certifikace1.png 600w, https:\/\/bavito.cz\/wp-content\/uploads\/2023\/09\/pikt_certifikace1-300x38.png 300w\" sizes=\"auto, (max-width: 600px) 100vw, 600px\" \/><\/p>\n","protected":false},"featured_media":389,"comment_status":"open","ping_status":"closed","template":"","meta":[],"product_brand":[],"product_cat":[15,16,23],"product_tag":[24,18,26,29,28,17,25,27,20,37],"class_list":{"0":"post-123","1":"product","2":"type-product","3":"status-publish","4":"has-post-thumbnail","6":"product_cat-houpadlo","7":"product_cat-hracky","8":"product_cat-montessori","9":"product_tag-bunkr","10":"product_tag-houpani","11":"product_tag-lenoseni","12":"product_tag-montessori","13":"product_tag-prodejni-pult","14":"product_tag-prolezani","15":"product_tag-sezeni","16":"product_tag-skluzavka","17":"product_tag-stabilita","18":"product_tag-vlastni-vyroba","19":"product_shipping_class-vd","21":"first","22":"instock","23":"shipping-taxable","24":"purchasable","25":"product-type-simple"},"jetpack_sharing_enabled":true,"_links":{"self":[{"href":"https:\/\/bavito.cz\/index.php?rest_route=\/wp\/v2\/product\/123","targetHints":{"allow":["GET"]}}],"collection":[{"href":"https:\/\/bavito.cz\/index.php?rest_route=\/wp\/v2\/product"}],"about":[{"href":"https:\/\/bavito.cz\/index.php?rest_route=\/wp\/v2\/types\/product"}],"replies":[{"embeddable":true,"href":"https:\/\/bavito.cz\/index.php?rest_route=%2Fwp%2Fv2%2Fcomments&post=123"}],"wp:featuredmedia":[{"embeddable":true,"href":"https:\/\/bavito.cz\/index.php?rest_route=\/wp\/v2\/media\/389"}],"wp:attachment":[{"href":"https:\/\/bavito.cz\/index.php?rest_route=%2Fwp%2Fv2%2Fmedia&parent=123"}],"wp:term":[{"taxonomy":"product_brand","embeddable":true,"href":"https:\/\/bavito.cz\/index.php?rest_route=%2Fwp%2Fv2%2Fproduct_brand&post=123"},{"taxonomy":"product_cat","embeddable":true,"href":"https:\/\/bavito.cz\/index.php?rest_route=%2Fwp%2Fv2%2Fproduct_cat&post=123"},{"taxonomy":"product_tag","embeddable":true,"href":"https:\/\/bavito.cz\/index.php?rest_route=%2Fwp%2Fv2%2Fproduct_tag&post=123"}],"curies":[{"name":"wp","href":"https:\/\/api.w.org\/{rel}","templated":true}]}}