{"id":80,"date":"2023-09-01T16:40:26","date_gmt":"2023-09-01T14:40:26","guid":{"rendered":"https:\/\/bavito.cz\/?page_id=80"},"modified":"2024-04-25T14:52:06","modified_gmt":"2024-04-25T12:52:06","slug":"o-nas","status":"publish","type":"page","link":"https:\/\/bavito.cz\/?page_id=80","title":{"rendered":"N\u00e1\u0161 p\u0159\u00edb\u011bh"},"content":{"rendered":"\n<p>Na\u0161\u00ed prvotn\u00ed my\u0161lenkou bylo d\u011blat radost na\u0161im d\u011btem a p\u0159i t\u00e9 tro\u0161ce radosti je z\u00e1rove\u0148 posouvat d\u00e1l, co se t\u00fdk\u00e1 motoriky, stability a celkov\u00e9ho rozvoje. A \u017ee t\u011bch d\u011bt\u00ed kolem n\u00e1s nen\u00ed zrovna m\u00e1lo, tak vym\u00fd\u0161let a navrhovat nen\u00ed moc slo\u017eit\u00e9. Nemysl\u00edme pouze sv\u00e9 prcky, ale okruh cel\u00e9ho p\u0159\u00edbuzenstva a dal\u0161\u00edch rodin, kter\u00e9 jsou s t\u011bmi na\u0161imi d\u011btmi \u00fazce propojeni \u2013 soused\u00e9, \u0161kolky, obecn\u00ed akce. A pak jsme si \u0159ekli, pro\u010d tu pot\u0159ebnou radost ne\u0161\u00ed\u0159it d\u00e1l?<\/p>\n\n\n\n<figure class=\"wp-block-gallery has-nested-images columns-default is-cropped wp-block-gallery-1 is-layout-flex wp-block-gallery-is-layout-flex\">\n<figure class=\"wp-block-image size-large is-style-rounded\"><img loading=\"lazy\" decoding=\"async\" width=\"291\" height=\"236\" data-id=\"450\" src=\"https:\/\/bavito.cz\/wp-content\/uploads\/2024\/04\/maxik_hraje.jpg\" alt=\"\" class=\"wp-image-450\"\/><\/figure>\n\n\n\n<figure class=\"wp-block-image size-large is-style-rounded\"><img loading=\"lazy\" decoding=\"async\" width=\"291\" height=\"236\" data-id=\"449\" src=\"https:\/\/bavito.cz\/wp-content\/uploads\/2024\/04\/maxik_hraje3.jpg\" alt=\"\" class=\"wp-image-449\"\/><\/figure>\n\n\n\n<figure class=\"wp-block-image size-large is-style-rounded\"><img loading=\"lazy\" decoding=\"async\" width=\"291\" height=\"242\" data-id=\"451\" src=\"https:\/\/bavito.cz\/wp-content\/uploads\/2024\/04\/maxik_hraje2.jpg\" alt=\"\" class=\"wp-image-451\"\/><\/figure>\n<\/figure>\n\n\n\n<div style=\"height:30px\" aria-hidden=\"true\" class=\"wp-block-spacer\"><\/div>\n\n\n\n<p>Nejd\u0159\u00edve jsme se pohybovali pouze v &#8222;\u00fazk\u00fdch&#8220; kruz\u00edch inzeruj\u00edc\u00edch maminek, kde jsme pom\u00e1hali rozz\u00e1\u0159it \u00fasm\u011bvy na d\u011btsk\u00fdch tv\u00e1\u0159\u00edch a proto\u017ee jejich spokojenost s na\u0161imi v\u00fdrobky byla doslova hmatateln\u00e1 a z\u00e1rove\u0148 jsme za\u010dali z\u00edsk\u00e1vat \u0159ady spokojen\u00fdch rodi\u010d\u016f, kte\u0159\u00ed nev\u00e1haj\u00ed se k n\u00e1m vracet i s individu\u00e1ln\u00edmi p\u0159\u00e1n\u00edmi, kter\u00e9 se sna\u017e\u00edme splnit, rozhodli jsme se tyto slu\u017eby otev\u0159\u00edt ve\u0159ejn\u011b.<\/p>\n\n\n\n<p>Na\u0161e v\u00fdrobky poch\u00e1zej\u00ed z materi\u00e1l\u016f v\u00fdhradn\u011b od lok\u00e1ln\u00edch v\u00fdrobc\u016f. Navrhujeme je vlastn\u00edmi program\u00e1torsk\u00fdmi silami, to v\u0161echno s prom\u00edtnut\u00edm pot\u0159eb na\u0161ich nejmen\u0161\u00edch. V\u0161echny na\u0161e v\u00fdrobky toti\u017e testujeme individu\u00e1ln\u011b a s jedinou my\u0161lenkou = dod\u00e1v\u00e1n\u00ed kvalitn\u00edch hra\u010dek pro d\u011bti z kvalitn\u00edch materi\u00e1l\u016f a z\u00e1rove\u0148 dostupnou rozumnou cenou, bez vlivu na vysokou bezpe\u010dnost.<\/p>\n\n\n\n<p class=\"has-text-align-center\">Proto jsme nev\u00e1hali a zalo\u017eili zna\u010dku <strong>BAVITO.cz<sup>\u00ae<\/sup><\/strong>, pod kterou se neboj\u00edme na\u0161e v\u00fdrobky uv\u00e1d\u011bt na n\u00e1\u0161 trh.<\/p>\n\n\n<div class=\"wp-block-image\">\n<figure class=\"aligncenter size-full\"><img loading=\"lazy\" decoding=\"async\" width=\"1015\" height=\"867\" src=\"https:\/\/bavito.cz\/wp-content\/uploads\/2023\/09\/Bavito.png\" alt=\"\" class=\"wp-image-82\" srcset=\"https:\/\/bavito.cz\/wp-content\/uploads\/2023\/09\/Bavito.png 1015w, https:\/\/bavito.cz\/wp-content\/uploads\/2023\/09\/Bavito-300x256.png 300w, https:\/\/bavito.cz\/wp-content\/uploads\/2023\/09\/Bavito-768x656.png 768w, https:\/\/bavito.cz\/wp-content\/uploads\/2023\/09\/Bavito-600x513.png 600w\" sizes=\"auto, (max-width: 1015px) 100vw, 1015px\" \/><\/figure>\n<\/div>","protected":false},"excerpt":{"rendered":"<p>Na\u0161\u00ed prvotn\u00ed my\u0161lenkou bylo d\u011blat radost na\u0161im d\u011btem a p\u0159i t\u00e9 tro\u0161ce radosti je z\u00e1rove\u0148 posouvat d\u00e1l, co se t\u00fdk\u00e1 motoriky, stability a celkov\u00e9ho rozvoje. A \u017ee t\u011bch d\u011bt\u00ed kolem n\u00e1s nen\u00ed zrovna m\u00e1lo, tak vym\u00fd\u0161let a navrhovat nen\u00ed moc slo\u017eit\u00e9. Nemysl\u00edme pouze sv\u00e9 prcky, ale okruh cel\u00e9ho p\u0159\u00edbuzenstva a dal\u0161\u00edch rodin, kter\u00e9 jsou s [&hellip;]<\/p>\n","protected":false},"author":1,"featured_media":0,"parent":0,"menu_order":0,"comment_status":"closed","ping_status":"closed","template":"","meta":{"footnotes":""},"class_list":["post-80","page","type-page","status-publish","hentry"],"jetpack_sharing_enabled":true,"_links":{"self":[{"href":"https:\/\/bavito.cz\/index.php?rest_route=\/wp\/v2\/pages\/80","targetHints":{"allow":["GET"]}}],"collection":[{"href":"https:\/\/bavito.cz\/index.php?rest_route=\/wp\/v2\/pages"}],"about":[{"href":"https:\/\/bavito.cz\/index.php?rest_route=\/wp\/v2\/types\/page"}],"author":[{"embeddable":true,"href":"https:\/\/bavito.cz\/index.php?rest_route=\/wp\/v2\/users\/1"}],"replies":[{"embeddable":true,"href":"https:\/\/bavito.cz\/index.php?rest_route=%2Fwp%2Fv2%2Fcomments&post=80"}],"version-history":[{"count":11,"href":"https:\/\/bavito.cz\/index.php?rest_route=\/wp\/v2\/pages\/80\/revisions"}],"predecessor-version":[{"id":460,"href":"https:\/\/bavito.cz\/index.php?rest_route=\/wp\/v2\/pages\/80\/revisions\/460"}],"wp:attachment":[{"href":"https:\/\/bavito.cz\/index.php?rest_route=%2Fwp%2Fv2%2Fmedia&parent=80"}],"curies":[{"name":"wp","href":"https:\/\/api.w.org\/{rel}","templated":true}]}}